. Is i a composite number?
False
Let y(j) = -4*j + 6. Let g be y(-4). Is ((-1)/5)/((g/(-3890))/11) a composite number?
False
Let p(o) = -o**2 + 17*o - 1. Suppose -3*v = -c + 28 - 77, -10 = -5*c. Let i be p(v). Is -1*(0/i - 1011) a prime number?
False
Suppose 0 = -41*n + 42*n + 3, -147692 = -j + 3*n. Is j a prime number?
False
Suppose 56*s = 18*s + 1082962. Is s composite?
False
Let o = 155 - 235. Let m = o - -86. Suppose -x = r - m*r + 1580, 0 = -5*r + 2*x + 1575. Is r a prime number?
True
Let f = 102320 - 67407. Is f prime?
True
Let b = 17 + 1. Suppose -6*y = -12*y + b. Suppose -5*h = d - 1545, y*h + 4 = 5*h. Is d prime?
False
Let j(f) be the first derivative of -37*f**2 - 85*f + 148. Is j(-4) composite?
False
Suppose 15*h = -52 + 172. Is 791 + h + (-18)/3 a prime number?
False
Suppose -3*u = -21*b + 18393750 + 6440478, 4730279 = 4*b + 5*u. Is b composite?
False
Suppose -9 = -4*f + 7. Suppose -3*b = 7 - f. Is (-7)/((-21)/2868) + b composite?
True
Let d(o) = -o**3 - o**2 - o - 6. Suppose 2*m = -61 + 57. Let a be d(m). Let y(t) = t**2 + 4*t + 3203. Is y(a) prime?
True
Suppose 0 = 335*j - 128*j - 35103681. Is j a prime number?
True
Suppose -121230 = -28*g + 1786478 + 1826288. Is g a prime number?
False
Let x be (-7)/14*(-9 - -1). Suppose 5*s = 4*u - 6*u + 25, 0 = x*s - u - 7. Suppose -774 = -s*f - 4*m + 573, 5*m = 4*f - 1765. Is f a composite number?
True
Is 260/182 + (-834093)/(-63) prime?
True
Let y be ((-9)/(-6))/((-5)/(90660/9)). Let v = y - -5205. Is v prime?
False
Let m(a) = -5*a**2 + 9 + a**3 - 4*a**2 - a + 0*a**3. Let c be m(9). Suppose c = 13*q - 20*q + 2863. Is q prime?
True
Let l be 36567 - (4 + (-6 - -8)). Is (-6)/9*l/(-2) a prime number?
False
Is ((-90)/60 - 6/4) + 117662 a composite number?
False
Suppose 82*w + 65*w - 41563951 = 4*w. Is w a prime number?
True
Suppose -2*v + 3532 = 2*p, -5*v + 2*v - 5310 = -3*p. Suppose 46*m - p = 38*m. Is m prime?
False
Let z(x) = x**2 - 30*x - 59. Let n be z(32). Suppose -n*i + 4736 = -609. Is i a prime number?
True
Suppose 18 = 5*y + 3. Suppose -2*j = -f - 1, 5*j - j - y*f - 3 = 0. Suppose j = -10*d + 4851 - 1821. Is d composite?
True
Suppose -11 = 8*x - 3*x + 3*h, 0 = -x + 2*h + 3. Let d be (1 + -2 + 1)/x. Suppose d = -3*i + p + 1216, 1113 = 4*i + 4*p - 535. Is i a composite number?
True
Suppose -5076 = 5*y + 8199. Let x = -1066 - y. Is x a composite number?
True
Let v = 1405 - 2347. Let f = v - -465. Let i = -266 - f. Is i composite?
False
Suppose -245*v - 134*v + 361218277 = -349604182. Is v prime?
True
Let n(s) = -184*s + 162*s**2 + 333*s - 165*s - 7 + 26. Is n(14) a prime number?
True
Suppose 16*u + 20*u = 0. Let j(r) = 2*r**3 + 3*r**2 - 2*r + 2203. Is j(u) composite?
False
Suppose -838 = -7*f + 6*f - 5*b, 4*f = 5*b + 3402. Let m be f/(-28) + 8/28. Is (20/m)/((-4)/24378) a prime number?
False
Let l be (-3 + (-32)/(-4))*(-56)/(-10). Suppose -c = 5*h - l, 5*c + 5 = 5*h - 5. Suppose -4*k - 2335 = -c*w, 6*w - w + 2*k - 3935 = 0. Is w composite?
True
Suppose 4*z - 3*o = 1507, 1875 = 5*z - 4*o + 2*o. Suppose -4*n = -2*p - 5996, 1148 = n + 5*p - z. Is n composite?
True
Let t(d) = 5*d - 7. Let f be t(4). Let x = 29 - f. Is (-3)/(-6) - 2*(-22084)/x a prime number?
False
Suppose 3*l - 49091 - 638738 = i, l = 5*i + 229239. Is l a prime number?
False
Let j(u) = 476*u**2 + 157*u - 131. Is j(-26) prime?
True
Let b = -76 - -92. Is (5587/(-2))/(2 - 40/b) prime?
False
Let c = 9977 - 35745. Is (189/(-35))/9 - c/5 a prime number?
True
Let y be (428350/60)/(-5) - (-10)/12. Is (-10 + 6)*1 + y/(-1) prime?
True
Suppose 3*z - 2*z + 5*l = 57196, 3*z - 2*l - 171571 = 0. Is z a prime number?
True
Let n(w) = 91*w - 25. Suppose 152 = 4*c - 4*h, 0 = 2*c - 2*h + 5*h - 76. Is n(c) a prime number?
True
Let q(u) = 11*u**2 - 11*u + 37. Let o = 241 + -235. Is q(o) a prime number?
True
Let l(i) = 2*i**2 + 22*i + 61. Let q be l(-5). Is -3*(3/9)/(q/(-4443)) composite?
True
Let g be ((-12)/(-9) - 1) + (-235)/(-15). Is (45995/(-15))/((g/4)/(-12)) a composite number?
False
Let j(i) = 531*i**3 + 2*i**2 - 12*i - 6. Let z be j(3). Suppose -u + s = -9349, -3*u + 13734 + z = -5*s. Is u a prime number?
True
Is ((-17 + 2)/3)/(685/(-164877171)) a prime number?
False
Let o(h) = -1250*h**2 - 4*h - 3. Let n = 89 - 90. Let g be o(n). Let w = -130 - g. Is w a prime number?
False
Let c = 594 + -571. Suppose c*b = 10040 + 98543. Is b prime?
True
Let w(o) = 245236*o**3 - 5*o**2 + 9*o - 3. Is w(1) composite?
True
Let x be 75/7 + 10/35. Suppose 7*j = x*j. Let b = 877 + j. Is b prime?
True
Suppose -14 = -2*s - 4. Let v be (-144)/(-30) - (-1)/s. Suppose -y - 6*h = -8*h - 4109, 5*h - 20560 = -v*y. Is y a prime number?
True
Let b(d) = d**3 + 6*d**2 - 8*d - 6. Let c be b(-7). Let o(i) = -511*i**2 - i. Let x be o(c). Let m = 1141 + x. Is m a prime number?
False
Let z(t) = 372*t**2 - 305*t + 4204. Is z(13) composite?
True
Let v = 6063 + 17347. Suppose -7454 = 4*d - v. Is d a composite number?
False
Let z(j) = j**3 - 14*j**2 - 14*j + 9. Let f be z(14). Let b = f - -10110. Is b prime?
True
Is (2*(-2)/(-8))/((-1)/(-44402)) composite?
True
Suppose -h = -4*h + 3*u + 291, 5*h - 3*u - 483 = 0. Let m be (2/2)/(h/30 + -3). Let q(l) = l**3 + 3*l**2 - 9. Is q(m) prime?
True
Let q be (2 - (2 + 7))/((-27)/54). Suppose 57982 = q*z - 2526. Is z composite?
True
Let q = 42 - 36. Let z be ((-24)/(-14))/(q/21). Suppose z*a = 195 + 2859. Is a a composite number?
False
Let l = 102 - 101. Is 7365/l + (11 - 7) a prime number?
True
Let u = 939 - 120. Suppose -400 = -d + u. Is d a prime number?
False
Let h = -31905 - -56414. Is h prime?
True
Let f(u) be the second derivative of u**4/12 + 4*u**3/3 + 8*u**2 + 29*u. Let v be f(-4). Suppose 7*j - 4*j = 4*p + 5079, 4*j + 3*p - 6772 = v. Is j composite?
False
Is (-373124 - 13)/(-3) + 8 a prime number?
False
Let b be (-2)/((-16)/(-6))*-8. Suppose b*a - 2954 - 28 = 0. Is a a composite number?
True
Let r(c) = 2*c**2 + 18*c - 129. Let w be r(7). Let o = 25 + 7. Let k = w + o. Is k a composite number?
False
Suppose -404*s + 6 = -402*s. Suppose -3687 = -s*d + 5910. Is d a composite number?
True
Let n(x) = 5009 + 200*x + 112*x - 4975 - x - 34*x. Suppose 0 = 5*s + l + 4*l - 40, -l = 3*s - 22. Is n(s) a prime number?
True
Suppose -3*v + 4*p + 5 = 0, -5*v = -0*p + 5*p + 15. Let m(h) = -2775*h**2 - 3*h - 1. Let o be m(v). Let i = -1822 - o. Is i prime?
False
Suppose 610 = -6*t - 21722. Let x = 8102 - t. Is (x/(-24))/((-6)/9) a prime number?
True
Let m(d) = 3330*d + 76. Let t be m(5). Let c = t - 2471. Is c a prime number?
False
Let v(n) be the third derivative of 3*n**5/5 + n**4/24 + 2*n**3 - 12*n**2 + 3. Is v(-5) a composite number?
False
Suppose -4*x - 2*d = -2727580, d - 1047413 = 5*x - 4456916. Is x a prime number?
True
Suppose -18*s = -14*s + x - 3719454, 2*s + 18*x - 1859762 = 0. Is s a composite number?
True
Suppose v + 19 = 5*y, -5*v = -y - 3*y + 11. Suppose -3*k = -a + 481 - 87, -y*k + 748 = 2*a. Is a a composite number?
True
Suppose 0 = 4*y - 9*y + 38855. Is y prime?
False
Suppose 6*c + 35 = 11. Let z be c - (-1089 - 8/(-2)). Suppose -2*f - 5*w = -0*f - z, 5*f - 2785 = 4*w. Is f a composite number?
True
Is (40/(-64)*-646084)/((-5)/(-2)) a composite number?
False
Let i(h) = h**3 - 33*h**2 + 25*h - 85. Let z(t) = t**3 - 33*t**2 + 24*t - 84. Let a(p) = -7*i(p) + 6*z(p). Is a(30) composite?
False
Let f = -187053 + 474190. Is f prime?
True
Let s be (9 - 36/(-6))*(-2)/(-5). Suppose 2*f = s*f - 12. Let d(c) = 1029*c + 14. Is d(f) prime?
False
Suppose 2*v + 3*k = 74, 3*v - 28 - 84 = -4*k. Let i be v/18 + (20/9)/(-10). Suppose i*b = 4*m + 2534, -2*b + 7*b - 6275 = -2*m. Is b a prime number?
False
Suppose 5950*c - 2612029 = 5943*c. Is c composite?
True
Suppose -251*m - 2810941 + 10062652 + 10029890 = 0. Is m a prime number?
False
Let n(m) = 153*m**2 + 7*m - 14. Let c be n(5). Suppose 0 = -p + 4*p + c. Is (p/(-6) - (-3)/9) + -3 a prime number?
True
Let t = -1 - -8. Suppose 4*d - 3*m + 140 = 0, 3*d + 98 = -3*m + t*m. Let f = 59 - d. Is f a composite number?
False
Let v = -25526 + 46853. Is v prime?
False
Suppose -23*a = -22*a - 114. Suppose 0 = 4*d - 2*w - 974, 0 = 5*d + 5*w - 1519 + 279. Let z = d - a. Is z a prime number?
True
Suppose 0 = c + 5*v - 263651 - 246, 7*c + 3*v = 1847471. Is c a composite number?
False
Let k(g) = -51*g**2 + 19*g**2 